12
Let p(v) = -3*v**2 - 650*v + 4579. Give p(7).
-118
Let b(l) = -l**2 - 347*l - 7427. Give b(-23).
25
Let w(c) = c**3 + 14*c**2 - 6*c - 55. Calculate w(-14).
29
Let o(r) = r**3 + 11*r**2 + 23. Calculate o(-11).
23
Let i(w) = 5*w**2 + 93*w - 81. Give i(-15).
-351
Let c(i) = -5*i**2 + 425*i - 2375. What is c(79)?
-5
Let b(i) = i**3 + 9*i**2 - 16*i - 211. Give b(-9).
-67
Let p(x) = -x**3 - 80*x**2 + 85*x + 313. Calculate p(-81).
-11
Let v(n) = -133*n**3 - 266*n**2 + 4*n + 17. Calculate v(-2).
9
Let z(g) = -3*g**3 + 4*g**2 + 5*g - 5. Calculate z(2).
-3
Let a(k) = -55*k**2 + 74*k + 74. Determine a(-1).
-55
Let w(q) = 8*q**2 + 278*q + 12. Give w(-33).
-450
Let k(z) = -z**3 + 6*z**2 - 12*z + 80. Determine k(6).
8
Let u(f) = f**3 + 12*f**2 + 6*f + 38. Determine u(-10).
178
Let q(k) = -2247*k - 15730. Calculate q(-7).
-1
Let s(w) = 318*w**2 + w + 1. Give s(0).
1
Let g(f) = 3*f**3 - 18*f**2 - 6*f + 42. What is g(6)?
6
Let n(p) = -4*p**3 - 66*p**2 - 260*p - 2. What is n(-6)?
46
Let s(m) = 8*m**3 - 38*m**2 + 15. Determine s(5).
65
Let x(j) = j**2 + 20*j - 36. Calculate x(-23).
33
Let s(m) = 15*m**2 + 51*m - 622. Determine s(9).
1052
Let m(g) = -g**3 + 34*g**2 - 45*g + 334. Determine m(33).
-62
Let z(h) = -5*h**2 - 3*h - 1. Determine z(4).
-93
Let s(j) = -7*j - 85. What is s(14)?
-183
Let l(r) = -70*r - 3392. What is l(-49)?
38
Let g(p) = 41*p - 260. What is g(6)?
-14
Let o(q) = 17*q**2 + 99*q - 100. Give o(1).
16
Let u(g) = 9*g**3 + 4*g**2 - 23*g - 23. What is u(-1)?
-5
Let v(l) = -4*l**2 + 152*l - 80. Calculate v(38).
-80
Let r(i) = 2*i**2 + 74*i + 457. What is r(-6)?
85
Let k(j) = 13*j**2 + 16*j + 43. What is k(-4)?
187
Let g(b) = -b**2 + 29*b - 119. Give g(5).
1
Let n(j) = 3*j**2 - 59*j + 262. Calculate n(5).
42
Let h(o) = 3*o**3 + 25*o**2 + 11*o + 10. Give h(-9).
-251
Let f(t) = -t**3 + 14*t**2 + 22*t - 60. Calculate f(11).
545
Let p(h) = 123*h**3 - 3*h**2 - 2*h + 2. Give p(-1).
-122
Let q(b) = -4*b**3 + 7*b**2 - 6*b + 14. What is q(3)?
-49
Let j(z) = -z**2 - 14*z + 61. What is j(5)?
-34
Let c(m) = 924*m - 8316. Determine c(9).
0
Let g(l) = 2*l**3 - 42*l**2 + 3*l - 69. Calculate g(21).
-6
Let w(v) = -2*v**3 - 800*v**2 - 8557*v + 10. Calculate w(-11).
-1
Let b(w) = -2*w**3 + 161*w**2 + 1038*w - 3. Calculate b(-6).
-3
Let h(f) = -2*f**3 - 142*f**2 - 888*f + 63. What is h(-7)?
7
Let f(l) = l**3 + 180*l**2 - 8030*l - 214. Give f(-217).
3
Let z(m) = -m + 11. Give z(2).
9
Let t(l) = 16*l + 90. Give t(-11).
-86
Let a(u) = u**3 - 2*u**2 - u + 122. Determine a(0).
122
Let z(x) = 5*x**2 + 22*x + 78. What is z(-3)?
57
Let i(z) = z**3 + 51*z**2 - 19*z + 1668. What is i(-52)?
-48
Let d(s) = -2*s**3 + 14*s**2 - 8*s - 4. Calculate d(6).
20
Let f(z) = 21*z + 77. What is f(-5)?
-28
Let l(h) = -h**3 + 5*h**2 - 4*h - 10. Calculate l(3).
-4
Let b(n) = -2111*n - 27453. Calculate b(-13).
-10
Let j(x) = -2*x**3 + 54*x**2 - 359*x + 9. Give j(15).
24
Let p(y) = -3*y**2 - 20*y - 90. Give p(-6).
-78
Let r(h) = -23*h - 207. What is r(-5)?
-92
Let t(n) = -n**3 - 7*n**2 + 113*n + 609. What is t(-6)?
-105
Let o(z) = -2*z**2 - 45*z - 272. Calculate o(-17).
-85
Let c(g) = -10*g**2 - 785*g + 164. What is c(-79)?
-231
Let s(u) = 59*u**3 + 8*u**2 - 2*u - 4. Give s(2).
496
Let u(w) = -w + 10. Determine u(-12).
22
Let b(p) = -137*p + 407. Calculate b(3).
-4
Let l(m) = -m**3 - 13*m**2 - 2*m - 61. Determine l(-13).
-35
Let d(t) = -t**3 - 34*t**2 - 65*t - 47. What is d(-32)?
-15
Let u(y) = 3*y**2 + 205*y - 819. Calculate u(-72).
-27
Let z(n) = -88*n - 338. Determine z(4).
-690
Let c(v) = -74*v - 151. Calculate c(-3).
71
Let a(j) = j**3 - j**2 - 6*j - 10. Give a(4).
14
Let i(o) = o**2 - 112*o - 14566. Determine i(-77).
-13
Let g(m) = -7*m + 139. Determine g(23).
-22
Let r(o) = 18*o**2 + 111*o - 54. Give r(-7).
51
Let m(l) = -2*l**2 + 89*l - 160. Give m(44).
-116
Let u(l) = 6*l**2 - 79*l + 244. Calculate u(4).
24
Let i(r) = 8*r**2 + 65*r - 25. Determine i(-9).
38
Let j(b) = -3*b**2 + 746*b + 1009. Give j(250).
9
Let g(p) = 1402*p + 9. What is g(0)?
9
Let h(x) = 167*x - 1494. Determine h(9).
9
Let y(r) = r**3 - r**2 - 31*r + 58. Determine y(-6).
-8
Let o(d) = d**2 + 27*d + 59. Calculate o(-21).
-67
Let i(l) = -122*l**2 - 491*l - 16. Give i(-4).
-4
Let o(b) = -b**3 - 13*b**2 + 67. Give o(-13).
67
Let i(x) = 96*x - 75. Give i(1).
21
Let w(h) = 2*h + 3. What is w(1)?
5
Let a(w) = 19*w + 1308. Give a(-62).
130
Let k(b) = 13580*b + 54324. Calculate k(-4).
4
Let g(j) = -665*j + 11312. Calculate g(17).
7
Let g(b) = -12*b + 23. Give g(7).
-61
Let g(v) = 12*v - 530. Give g(8).
-434
Let p(x) = x**3 - 5*x - 220. Calculate p(0).
-220
Let t(q) = -2*q**3 + 56*q**2 - 42*q + 1112. Calculate t(28).
-64
Let u(h) = -3*h**2 - 336*h + 1381. What is u(4)?
-11
Let f(r) = -58*r - 3616. Determine f(-62).
-20
Let d(k) = 21*k + 2. Determine d(20).
422
Let u(g) = 6*g - 90. Calculate u(20).
30
Let z(d) = d**3 - 71*d**2 - 77*d + 344. Give z(72).
-16
Let u(l) = -1980*l + 2079. Calculate u(1).
99
Let q(p) = -909*p + 547217. Calculate q(602).
-1
Let y(d) = -3*d**3 + 6*d**2 - 8*d + 16. What is y(4)?
-112
Let w(h) = -116*h - 490. Calculate w(-4).
-26
Let g(n) = -n + 581. Give g(13).
568
Let j(t) = -t**3 - 28*t**2 + 126*t - 27. Calculate j(-32).
37
Let s(x) = 2*x**3 - 97*x**2 - 57*x + 408. Calculate s(49).
16
Let m(u) = 3*u**2 + 59*u + 21. Calculate m(-20).
41
Let h(q) = -q**2 - 231*q + 940. Calculate h(4).
0
Let p(s) = s**3 - 57*s**2 - 378*s - 7. What is p(-6)?
-7
Let n(y) = 3*y**3 + 8*y**2 + 11*y - 5. Calculate n(-3).
-47
Let d(y) = 109*y**3 - 6*y**2 + 3*y - 4. Give d(2).
850
Let t(a) = 2*a**3 + 96*a**2 - 525*a - 25. What is t(5)?
0
Let s(x) = 4*x**2 - 75*x + 63. What is s(18)?
9
Let d(b) = -b**3 + 10*b**2 - 106*b + 554. Give d(5).
149
Let x(t) = 71*t - 2336. Determine x(33).
7
Let f(w) = w**2 - 1548*w + 15409. Determine f(10).
29
Let j(g) = 154*g - 583. Calculate j(5).
187
Let s(u) = u**3 + 88*u**2 + 187*u + 1283. Give s(-86).
-7
Let s(r) = -r**2 + 96*r - 541. Give s(90).
-1
Let j(c) = 295*c**2 + 88*c + 179. Determine j(-2).
1183
Let t(z) = 349*z - 479. Calculate t(4).
917
Let x(u) = 1622*u + 11136. Determine x(-7).
-218
Let c(s) = -58*s - 5704. Calculate c(-97).
-78
Let y(a) = 27*a + 121. Calculate y(-4).
13
Let d(p) = -p**3 - p**2 + 17*p + 26. Determine d(-3).
-7
Let g(j) = -54*j**2 + 11557*j - 214. Calculate g(214).
0
Let i(q) = q**3 - 16*q**2 + 7*q + 3. What is i(16)?
115
Let a(h) = -85*h**2 + 29*h - 30. Give a(1).
-86
Let v(j) = 8*j**3 - 5*j**2 - 14*j - 16. Calculate v(-2).
-72
Let n(v) = 2*v**2 + 59*v + 9. Give n(-26).
-173
Let d(c) = 3*c**2 - 79*c + 68. Determine d(26).
42
Let f(c) = 2*c**3 - 50*c**2 - 482*c + 11177. Give f(26).
-3
Let l(g) = -g**3 + 16*g**2 + 22*g - 7. Give l(17).
78
Let d(v) = -v**3 + 45*v**2 - 325*v + 38. What is d(36)?
2
Let j(z) = 567*z + 3407. Calculate j(-6).
5
Let o(a) = 55*a + 544. Determine o(-10).
-6
Let i(g) = -14*g + 441. Give i(57).
-357
Let r(g) = -16*g + 279. What is r(18)?
-9
Let g(x) = -x**2 - 708*x + 2137. Calculate g(3).
4
Let u(o) = 2*o**3 - 171*o**2 - 83*o - 185. Calculate u(86).
73
Let b(w) = w**3 - 11*w**2 + 321*w - 3111. Determine b(10).
-1
Let z(k) = k**2 - 27*k - 31. Calculate z(27).
-31
Let w(u) = 2*u**3 + 138*u**2 - 104*u + 2543. Determine w(-70).
23
Let b(i) = -i**3 - 5*i**2 + 22*i - 20. Calculate b(-6).
-116
Let y(a) = -10*a - 98. Calculate y(9).
-188
Let b(k) = -200*k - 9. What is b(0)?
-9
Let i(q) = -63*q - 3283. Calculate i(-52).
-7
Let m(l) = l**3 + 61*l**2 + 121*l + 195. Determine m(-59).
18
Let g(j) = -77*j**2 - 95*j - 192. What is g(-2)?
-310
Let o(v) = v**2 + 11*v + 55. Determine o(-13).
81
Let v(c) = -c**3 + c**2 + 424*c - 1. Calculate v(0).
-1
Let h(p) = -296*p + 1. Determine h(1).
-295
Let a(h) = h**2 - 12*h + 13. Determine a(1).
2
Let g(m) = -m**2 - 15*m + 3842. What is g(-70)?
-8
Let h(c) = 6*c**3 + 177*c**2 + 178*c + 1. Determine h(-1).
-6
Let m(o) = 6268*o - 137901. What is m(22)?
-5
Let z(x) = -5*x**3 - 131*x**2 + 109*x + 25. Give z(-27).
-2
Let h(i) = 6*i**2 + 339*i - 337. Give h(1).
8
Let k(x) = -746*x + 22386. Calculate k(30).
6
Let p(y) = 707*y - 31815. Calculate p(45).
0
Let a(u) = 14*u**2 - 200*u - 140. Determine a(15).
10
Let y(k) = -3*k + 553. Give y(8).
529
Let p(k) = -2*k**3 - 16*k**2 + k + 24. What is p(-8)?
16
Let z(w) = 7*w - 334. Calcula